 = 41*g**2 + 26*g - 152. Let b be j(8). Suppose -b = -4*s + 5*q, -q + 0*q + 661 = s. What is the tens digit of s?
6
Let c(z) = z + 8*z**2 + 14 + 8 - 5. Let p be c(-5). Suppose -5*u + 3*g = g - p, -g = u - 48. What is the tens digit of u?
4
Let y = -109 + 9. What is the hundreds digit of (-4 - y/30) + 4144/6?
6
What is the units digit of -62256*14/(-70)*(3 - 2)*5?
6
Let b(v) = v**3 + 13*v**2 - v - 12. Let f = -17 - -5. Let x be b(f). Let o = -81 + x. What is the units digit of o?
3
Let m = -12 + 17. Suppose 4*r = m*l + 5, 5*r - 4*l = 3 + 1. Suppose r = 3*b + 2*b - 290. What is the units digit of b?
8
What is the units digit of ((-34)/85)/((-2)/30) - -4651?
7
Let p(n) = -n**2 + 14*n - 30. Let u be p(9). Suppose 6*m - u = 3. Suppose -3*o + m*b = -303, -17 = -4*o - 5*b + 405. What is the tens digit of o?
0
Let c(s) = 12*s**2 + 23*s + 20. Let j be c(-10). Suppose 0 = -73*o + 79*o - j. Let u = o + -61. What is the tens digit of u?
0
Let l(g) = 11*g**2 + 80*g - 593. What is the thousands digit of l(10)?
1
Suppose 36*u - 20188 = 8*u. Let i = u - 214. What is the tens digit of i?
0
Let f(h) = -31410*h**3 + 3*h**2 + 20*h + 20. What is the thousands digit of f(-1)?
1
Let n = -12 + 121. Let u be n - 2 - (-10 + 6). Suppose -2*g + u = 5*s - 0*s, 2*s - 33 = 3*g. What is the tens digit of s?
2
Let m = -3192 + 8289. What is the tens digit of m?
9
Suppose 19*t - 4860 = 121414. What is the hundreds digit of t?
6
Let v = -3557 - -6198. What is the tens digit of v?
4
Let d(v) = -96*v**3 - 25*v**2 + 31*v + 136. Let l(s) = -19*s**3 - 5*s**2 + 6*s + 27. Let z(h) = -2*d(h) + 11*l(h). What is the units digit of z(-4)?
7
What is the thousands digit of (80/30 + -3)*-25092?
8
Suppose 0 = 3*a + 2*g + 24, -5*a + 5*g - 61 = 4. What is the thousands digit of 5/a*6 + 1578?
1
Suppose -p + 110 = 2*n - 3*p, -2*n + p = -115. Let y be (-14)/10 - -3*8/n. What is the units digit of (y/(-2))/((-2)/(-780)*3)?
5
Let g = 571 - 109. Suppose g = -m + 1097. What is the hundreds digit of m?
6
Suppose 2007 = 3*n - 3*a, -1355 - 636 = -3*n - 5*a. Suppose -5*s + 3*b - n = 106, 0 = 2*s + b + 318. Let u = s - -345. What is the tens digit of u?
8
Suppose 4*w + 4*h = 2*h + 90, -2*w = -4*h - 70. Let i = w + 33. Suppose -7*s = -6*s - i. What is the tens digit of s?
5
Let s = -84 + 63. Let o(c) = -c**2 - 22*c + 74. What is the units digit of o(s)?
5
Let w(n) = -9*n - 2*n - 16 + 19 + 2. What is the units digit of w(0)?
5
Let d(x) be the first derivative of -3*x**2/2 + 3*x - 41. Let c be d(-4). Suppose 6*h + 1998 = c*h. What is the units digit of h?
2
Suppose 185 = 5*x - 155. Suppose -62*r - 1116 = -x*r. What is the tens digit of r?
8
Let v(b) = b**3 - 13*b**2 - 31*b - 17. Let g(s) = 2*s**3 - 9*s**2 - 30*s - 17. Let d(c) = 2*g(c) - 3*v(c). What is the hundreds digit of d(-15)?
8
Let j(s) = 5706*s - 212. What is the ten thousands digit of j(6)?
3
Let a be -1*(0 + 1225) - 3. Let h = a + 1974. What is the tens digit of h?
4
Suppose 0 = 2*i, 0 = w + i + 2*i + 686. Let v = w + 1377. Suppose -6*j + v = 1. What is the hundreds digit of j?
1
Suppose -4*r + 2198 - 370 = 2*q, 0 = -5*r - 3*q + 2286. Suppose -5*k + 298 = -2*l, -5*k - 170 = 4*l + r. Let s = -74 - l. What is the units digit of s?
0
Let g(n) = n**3 + 10*n**2 + 8*n - 31. Let c be g(-9). Let o be (-3729)/c + (-3)/(-2). Suppose 7*j - o = 1285. What is the hundreds digit of j?
2
Let y(a) = 5*a**3 - 29*a**2 + 40*a - 29. Let h(c) = 6*c**3 - 28*c**2 + 39*c - 29. Let l(p) = -4*h(p) + 5*y(p). What is the units digit of l(32)?
5
Let j(u) = 7*u + 13. Let q(h) = h**2 - 4*h + 2. Let k be q(-2). Suppose 3*i + 5 - k = 0. What is the units digit of j(i)?
4
Suppose 4*z - 1012 = -4*s, -4*z + 3 = 15. Let p = -124 + s. What is the hundreds digit of p?
1
Let k(n) = -47*n + 1280. What is the tens digit of k(-62)?
9
Let t(n) = 2*n**3 - 5*n**2 + 2*n - 7. Let b = 17 - 12. Let g be t(b). Suppose 3*p + 3*m = 78, 0*m = -4*p + 2*m + g. What is the units digit of p?
0
Suppose -c = 5*u - 169, -15*u + 11*u - 5*c = -131. Suppose -4896 = -u*x + 9724. What is the units digit of x?
0
Let o = 179 - 171. Suppose -o*p + 1733 + 83 = 0. What is the units digit of p?
7
Suppose -11*q = -7*q, w = 5*q + 7. Suppose -w*s = -730 - 159. What is the hundreds digit of s?
1
Let u = 268 - 361. What is the units digit of (u/279)/(-1*1/234)?
8
Let j be (-4)/3 - ((-64)/(-24) + -7). Let d(g) = 228*g - 65. What is the units digit of d(j)?
9
Let u = -8798 + 45212. What is the tens digit of u?
1
Let c(j) = 15*j**2 + 8*j - 15. Let q be c(6). Suppose -5*i - 34 = -x + 177, -q = -3*x + 3*i. Let b = -82 + x. What is the hundreds digit of b?
1
Suppose 8914*f = 8907*f + 145537. What is the tens digit of f?
9
Suppose -4*b = -3*a + 944, 2*b + 1 = 3*b. Let l = 797 - a. What is the tens digit of l?
8
Let s = -10041 - -16521. What is the tens digit of s?
8
Suppose -153*u + 646251 = -1234119. What is the units digit of u?
0
Let q = -6 - -8. Suppose -72*t = -61*t + 693. What is the units digit of t/(-2) + q/(-4)?
1
Let k(c) = -c**2 - 386*c + 385*c - 2 + 2*c**2. Let a be k(2). Suppose -2*q - 3*y + 535 = a, -2*y + 1374 = 5*q + 42. What is the tens digit of q?
6
Suppose h = -4*j + 15607, -3*h + 4064 = j + 165. What is the tens digit of j?
0
Let y(n) be the first derivative of 43*n**2/2 - 33*n + 11. What is the tens digit of y(6)?
2
Let v = -4083 - -2535. Let q be ((-1)/(-3) - v/(-27))*1. Let h = q + 328. What is the hundreds digit of h?
2
Let c(l) = -l**3 + l**2 - 2*l + 266. Let t be c(0). What is the tens digit of (0 - (1 + (-15)/10))*t?
3
Let g = -495 - -495. Suppose g = -8*q - 113 + 1137. What is the units digit of q?
8
What is the units digit of (-9 - 504/(-60))/((-1)/66670)?
2
Let p(m) = 617*m**2 - 68*m + 17. What is the ten thousands digit of p(-11)?
7
Suppose 5*v - t = 165, 4*t - 86 = -3*v + 2*t. Suppose 3*c = -5*l + v, 2*l = -5*c - 0*l + 28. What is the units digit of 4/c*-1 + 76?
5
What is the thousands digit of ((-28)/8)/7 + (-1475483)/(-158)?
9
Let y(p) = -10*p**2 - 15*p - 24. Let q be y(-2). Let v = 72 + 39. Let a = v - q. What is the units digit of a?
5
Let q be (30 + (0 - -6))*4/6. Let b(o) = o**2 - 25*o + 35. Let j be b(q). Let n(y) = 14*y + 11. What is the units digit of n(j)?
5
Suppose 78988 = 55*g - 48*g. Suppose g = 7*m - 1988. What is the hundreds digit of m?
8
What is the thousands digit of ((-21)/(-6)*197)/((-2)/(-28))?
9
Suppose 242*w - 214*w - 49392 = 0. What is the tens digit of w?
6
Let j(s) = s**2 + 9*s - 18. Let z be j(-10). Let b be 378/72 - (-2)/z. Suppose -u + 5 = 0, 3*u - 15 = -5*n + b*u. What is the units digit of n?
5
Let a(y) = 2*y**2 + 9*y + 4. Let l be ((-36)/(-8) - 1)*-10. Let f be (-4)/14 - ((-235)/l - 1). What is the units digit of a(f)?
2
Let s(j) = -50*j**3 - 51*j**3 + 100*j**3 + 5*j**2 + 7 + 20*j. What is the tens digit of s(6)?
9
Let w = 771 - 778. What is the tens digit of -1 + w - (-126153)/107?
7
Suppose 0 = -6*b - b + 49. Let r be (-2)/b - 276/(-84). Suppose -3*t = t + r*p - 236, 5*p = 2*t - 118. What is the tens digit of t?
5
Suppose -8*s - 385 = -s. Let n = s + 58. Let i(h) = 42*h - 8. What is the hundreds digit of i(n)?
1
Let m(v) = -v**3 - 6*v**2. Let u be m(-6). Suppose u = 6*s - 4*s + 8. Let y(h) = -h**3 - h**2 + 4*h - 3. What is the units digit of y(s)?
9
Let t(x) = 3*x**3 - 111*x**2 - 30*x - 129. What is the tens digit of t(40)?
7
Suppose -5*b + 4 = -2*x, x - b - 2 = 2. Let l(d) = -d**3 + 4*d**2 - d + 408. Let c be l(0). Suppose 0 = -x*m + 4*m + c. What is the units digit of m?
2
Let l = 2810 - -1133. What is the hundreds digit of l?
9
Let s be 1 + -3 - (-1222)/1. Let w be ((-396)/(-2 + 11))/2. What is the units digit of (w/12 - -2) + s/24?
1
Let c(z) = 61*z**2 - 4*z + 2. Let u be c(2). Let d be u/3 + ((-1)/(-3))/(-1). Suppose d = 3*q - 74. What is the tens digit of q?
5
Let x(v) = 7*v**2 - 13*v + 8. Let t be x(-14). Let a = -386 + t. What is the hundreds digit of a?
1
Suppose 290*w - 260*w - 307230 = 0. What is the thousands digit of w?
0
Suppose 0 = -7*n + 227997 + 103250. What is the hundreds digit of n?
3
Let s be (2/4)/1 + 9/(-2). What is the tens digit of (16/3)/s*-51?
6
Let m(z) = 3368*z - 248. What is the units digit of m(4)?
4
Suppose -7*a + 27090 = 3*a. Suppose -2*n = 2*r - 800, 688 - a = -5*n + 2*r. What is the units digit of n?
3
Let f(t) = -255*t - 52 - 2